{"id":150,"date":"2020-09-18T19:09:30","date_gmt":"2020-09-18T19:09:30","guid":{"rendered":"http:\/\/osaverdeymar.com\/?page_id=150"},"modified":"2022-06-04T00:09:10","modified_gmt":"2022-06-04T00:09:10","slug":"segmento-natural","status":"publish","type":"page","link":"http:\/\/osaverdeymar.com\/?page_id=150","title":{"rendered":"Segmento Natural"},"content":{"rendered":"\n<section id=\"section-43beabe6-b98a-4292-be4d-63294061ccaf\" class=\"wp-block-gutentor-image-slider gutentor-section gutentor-image-slider imageSlider-template1\"><div class=\"gutentor-grid-item-wrap\"><div class=\"gutentor-slider-wrapper\" data-dots=\"true\" data-arrows=\"true\" data-infinite=\"true\" data-nextarrow=\"fas fa-angle-right\" data-prevarrow=\"fas fa-angle-left\" data-autoplay=\"true\" data-autoplayspeed=\"7000\" data-fade=\"false\" data-speed=\"900\"><div class=\"gutentor-slider-item\"><div class=\"gutentor-single-item gutentor-single-item-0\"><div class=\"gutentor-single-item-wrap\"><div class=\"gutentor-single-item-image-box\"><div class=\"gutentor-bg-image\"><div class=\"overlay\"><\/div><\/div><\/div><div class=\"gutentor-single-item-content\"><div class=\"grid-container\"><div class=\"slider-caption text-center\"><h3 class=\"gutentor-single-item-title\">Turismo Natural<\/h3><p class=\"gutentor-single-item-desc\"><\/p><\/div><\/div><\/div><\/div><\/div><\/div><div class=\"gutentor-slider-item\"><div class=\"gutentor-single-item gutentor-single-item-1\"><div class=\"gutentor-single-item-wrap\"><div class=\"gutentor-single-item-image-box\"><div class=\"gutentor-bg-image\"><div class=\"overlay\"><\/div><\/div><\/div><div class=\"gutentor-single-item-content\"><div class=\"grid-container\"><div class=\"slider-caption text-center\"><h3 class=\"gutentor-single-item-title\"><strong>Avistamiento de Aves<\/strong><\/h3><p class=\"gutentor-single-item-desc\"><\/p><\/div><\/div><\/div><\/div><\/div><\/div><div class=\"gutentor-slider-item\"><div class=\"gutentor-single-item gutentor-single-item-2\"><div class=\"gutentor-single-item-wrap\"><div class=\"gutentor-single-item-image-box\"><div class=\"gutentor-bg-image\"><div class=\"overlay\"><\/div><\/div><\/div><div class=\"gutentor-single-item-content\"><div class=\"grid-container\"><div class=\"slider-caption text-center\"><h3 class=\"gutentor-single-item-title\">Orqu\u00eddeas<\/h3><p class=\"gutentor-single-item-desc\"><\/p><\/div><\/div><\/div><\/div><\/div><\/div><\/div><\/div><\/section>\n\n\n\n<div style=\"height:100px\" aria-hidden=\"true\" class=\"wp-block-spacer\"><\/div>\n\n\n\n<p class=\"has-text-align-center has-black-color has-text-color has-large-font-size\"><strong>Turismo Natural<\/strong><\/p>\n\n\n\n<div style=\"height:100px\" aria-hidden=\"true\" class=\"wp-block-spacer\"><\/div>\n\n\n\n<div class=\"wp-block-columns\">\n<div class=\"wp-block-column\" style=\"flex-basis:10.4%\"><\/div>\n\n\n\n<div class=\"wp-block-column\" style=\"flex-basis:70%\">\n<div id=\"section-g48c633\" class=\"wp-block-gutentor-e0 section-g48c633 gutentor-element gutentor-element-advanced-text\"><div class=\"gutentor-text-wrap\"><p class=\"gutentor-text\">Este segmento est\u00e1 pensado para quienes aman el avistamiento de aves y la exploraci\u00f3n de la flora y fauna del pa\u00eds, espec\u00edficamente, orqu\u00eddeas.<br><br>Tendremos la oportunidad de visitar el Parque Nacional &#8220;Marino Ballena&#8221; y, si viaja entre los meses de julio y noviembre, probablemente podremos ver ballenas desde uno de los recorridos a mar abierto en bote.<br><br>Luego visitaremos los bellos &#8220;Jardines Secretos&#8221; donde podremos ver m\u00e1s orqu\u00eddeas.<br><br>*You may find all the information available in English once you download the PDF with the detailed program. You can download it by clicking on the &#8220;+INFO&#8221; button. <\/p><\/div><\/div>\n<\/div>\n\n\n\n<div class=\"wp-block-column\" style=\"flex-basis:10.4%\"><\/div>\n<\/div>\n\n\n\n<div style=\"height:100px\" aria-hidden=\"true\" class=\"wp-block-spacer\"><\/div>\n\n\n\n<div class=\"wp-block-columns\">\n<div class=\"wp-block-column\" style=\"flex-basis:10%\"><\/div>\n\n\n\n<div class=\"wp-block-column\" style=\"flex-basis:20.5%\">\n<div id=\"section-g08f169\" class=\"wp-block-gutentor-e0 section-g08f169 gutentor-element gutentor-element-advanced-text\"><div class=\"gutentor-text-wrap\"><h2 class=\"gutentor-text\">Avistamiento de Aves<\/h2><\/div><\/div>\n\n\n\n<p>Este paquete consta de diez (10) d\u00edas y nueve (9) noches.&nbsp;<\/p>\n\n\n\n<p>Opera con un grupo m\u00ednimo de 10 personas.<\/p>\n\n\n\n<div class=\"wp-block-file\"><a href=\"https:\/\/osaverdeymar.com\/wp-content\/uploads\/2022\/05\/Avistamiento-de-avesREV.pdf\" class=\"wp-block-file__button\" download aria-describedby=\"wp-block-file--media-bc84aa0f-26a0-468b-8e74-4c6d7b329570\">+INFO<\/a><\/div>\n<\/div>\n\n\n\n<div class=\"wp-block-column\" style=\"flex-basis:40.6%\">\n\n<\/div>\n\n\n\n<div class=\"wp-block-column\" style=\"flex-basis:10%\"><\/div>\n<\/div>\n\n\n\n<div style=\"height:100px\" aria-hidden=\"true\" class=\"wp-block-spacer\"><\/div>\n\n\n\n<div class=\"wp-block-columns\">\n<div class=\"wp-block-column\" style=\"flex-basis:10%\"><\/div>\n\n\n\n<div class=\"wp-block-column\" style=\"flex-basis:40.6%\">\n\n<\/div>\n\n\n\n<div class=\"wp-block-column\" style=\"flex-basis:20.5%\">\n<div id=\"section-gadc915\" class=\"wp-block-gutentor-e0 section-gadc915 gutentor-element gutentor-element-advanced-text\"><div class=\"gutentor-text-wrap\"><h2 class=\"gutentor-text\">Aves y Orqu\u00eddeas<\/h2><\/div><\/div>\n\n\n\n<p>Este paquete consta de seis (6) d\u00edas y cinco (5) noches.&nbsp;<\/p>\n\n\n\n<p>Opera con un grupo m\u00ednimo de 10 personas.<\/p>\n\n\n\n<div class=\"wp-block-file\"><a href=\"https:\/\/osaverdeymar.com\/wp-content\/uploads\/2022\/05\/Orquideas-aves-islaREV2-1.pdf\" class=\"wp-block-file__button\" download aria-describedby=\"wp-block-file--media-b47cd375-b4c9-4cb6-92c1-0e28826c6b1b\">+INFO<\/a><\/div>\n<\/div>\n\n\n\n<div class=\"wp-block-column\" style=\"flex-basis:10%\"><\/div>\n<\/div>\n\n\n\n<div style=\"height:100px\" aria-hidden=\"true\" class=\"wp-block-spacer\"><\/div>\n","protected":false},"excerpt":{"rendered":"<p>Turismo Natural Este paquete consta de diez (10) d\u00edas y nueve (9) noches.&nbsp; Opera con un grupo m\u00ednimo de 10 personas. Este paquete consta de seis (6) d\u00edas y cinco (5) noches.&nbsp; Opera con un grupo m\u00ednimo de 10 personas.<\/p>\n","protected":false},"author":1,"featured_media":0,"parent":0,"menu_order":0,"comment_status":"closed","ping_status":"closed","template":"template-gutentor-full-width.php","meta":[],"_links":{"self":[{"href":"http:\/\/osaverdeymar.com\/index.php?rest_route=\/wp\/v2\/pages\/150"}],"collection":[{"href":"http:\/\/osaverdeymar.com\/index.php?rest_route=\/wp\/v2\/pages"}],"about":[{"href":"http:\/\/osaverdeymar.com\/index.php?rest_route=\/wp\/v2\/types\/page"}],"author":[{"embeddable":true,"href":"http:\/\/osaverdeymar.com\/index.php?rest_route=\/wp\/v2\/users\/1"}],"replies":[{"embeddable":true,"href":"http:\/\/osaverdeymar.com\/index.php?rest_route=%2Fwp%2Fv2%2Fcomments&post=150"}],"version-history":[{"count":17,"href":"http:\/\/osaverdeymar.com\/index.php?rest_route=\/wp\/v2\/pages\/150\/revisions"}],"predecessor-version":[{"id":609,"href":"http:\/\/osaverdeymar.com\/index.php?rest_route=\/wp\/v2\/pages\/150\/revisions\/609"}],"wp:attachment":[{"href":"http:\/\/osaverdeymar.com\/index.php?rest_route=%2Fwp%2Fv2%2Fmedia&parent=150"}],"curies":[{"name":"wp","href":"https:\/\/api.w.org\/{rel}","templated":true}]}}

<section id="section-43beabe6-b98a-4292-be4d-63294061ccaf" class="wp-block-gutentor-image-slider gutentor-section gutentor-image-slider imageSlider-template1"><div class="gutentor-grid-item-wrap"><div class="gutentor-slider-wrapper" data-dots="true" data-arrows="true" data-infinite="true" data-nextarrow="fas fa-angle-right" data-prevarrow="fas fa-angle-left" data-autoplay="true" data-autoplayspeed="7000" data-fade="false" data-speed="900"><div class="gutentor-slider-item"><div class="gutentor-single-item gutentor-single-item-0"><div class="gutentor-single-item-wrap"><div class="gutentor-single-item-image-box"><div class="gutentor-bg-image"><div class="overlay"></div></div></div><div class="gutentor-single-item-content"><div class="grid-container"><div class="slider-caption text-center"><h3 class="gutentor-single-item-title">Turismo Natural</h3><p class="gutentor-single-item-desc"></p></div></div></div></div></div></div><div class="gutentor-slider-item"><div class="gutentor-single-item gutentor-single-item-1"><div class="gutentor-single-item-wrap"><div class="gutentor-single-item-image-box"><div class="gutentor-bg-image"><div class="overlay"></div></div></div><div class="gutentor-single-item-content"><div class="grid-container"><div class="slider-caption text-center"><h3 class="gutentor-single-item-title"><strong>Avistamiento de Aves</strong></h3><p class="gutentor-single-item-desc"></p></div></div></div></div></div></div><div class="gutentor-slider-item"><div class="gutentor-single-item gutentor-single-item-2"><div class="gutentor-single-item-wrap"><div class="gutentor-single-item-image-box"><div class="gutentor-bg-image"><div class="overlay"></div></div></div><div class="gutentor-single-item-content"><div class="grid-container"><div class="slider-caption text-center"><h3 class="gutentor-single-item-title">Orquídeas</h3><p class="gutentor-single-item-desc"></p></div></div></div></div></div></div></div></div></section>



<div style="height:100px" aria-hidden="true" class="wp-block-spacer"></div>



<p class="has-text-align-center has-black-color has-text-color has-large-font-size"><strong>Turismo Natural</strong></p>



<div style="height:100px" aria-hidden="true" class="wp-block-spacer"></div>



<div class="wp-block-columns">
<div class="wp-block-column" style="flex-basis:10.4%"></div>



<div class="wp-block-column" style="flex-basis:70%">
<div id="section-g48c633" class="wp-block-gutentor-e0 section-g48c633 gutentor-element gutentor-element-advanced-text"><div class="gutentor-text-wrap"><p class="gutentor-text">Este segmento está pensado para quienes aman el avistamiento de aves y la exploración de la flora y fauna del país, específicamente, orquídeas.<br><br>Tendremos la oportunidad de visitar el Parque Nacional &#8220;Marino Ballena&#8221; y, si viaja entre los meses de julio y noviembre, probablemente podremos ver ballenas desde uno de los recorridos a mar abierto en bote.<br><br>Luego visitaremos los bellos &#8220;Jardines Secretos&#8221; donde podremos ver más orquídeas.<br><br>*You may find all the information available in English once you download the PDF with the detailed program. You can download it by clicking on the &#8220;+INFO&#8221; button. </p></div></div>
</div>



<div class="wp-block-column" style="flex-basis:10.4%"></div>
</div>



<div style="height:100px" aria-hidden="true" class="wp-block-spacer"></div>



<div class="wp-block-columns">
<div class="wp-block-column" style="flex-basis:10%"></div>



<div class="wp-block-column" style="flex-basis:20.5%">
<div id="section-g08f169" class="wp-block-gutentor-e0 section-g08f169 gutentor-element gutentor-element-advanced-text"><div class="gutentor-text-wrap"><h2 class="gutentor-text">Avistamiento de Aves</h2></div></div>



<p>Este paquete consta de diez (10) días y nueve (9) noches.&nbsp;</p>



<p>Opera con un grupo mínimo de 10 personas.</p>



<div class="wp-block-file"><a href="https://osaverdeymar.com/wp-content/uploads/2022/05/Avistamiento-de-avesREV.pdf" class="wp-block-file__button" download aria-describedby="wp-block-file--media-bc84aa0f-26a0-468b-8e74-4c6d7b329570">+INFO</a></div>
</div>



<div class="wp-block-column" style="flex-basis:40.6%">

</div>



<div class="wp-block-column" style="flex-basis:10%"></div>
</div>



<div style="height:100px" aria-hidden="true" class="wp-block-spacer"></div>



<div class="wp-block-columns">
<div class="wp-block-column" style="flex-basis:10%"></div>



<div class="wp-block-column" style="flex-basis:40.6%">

</div>



<div class="wp-block-column" style="flex-basis:20.5%">
<div id="section-gadc915" class="wp-block-gutentor-e0 section-gadc915 gutentor-element gutentor-element-advanced-text"><div class="gutentor-text-wrap"><h2 class="gutentor-text">Aves y Orquídeas</h2></div></div>



<p>Este paquete consta de seis (6) días y cinco (5) noches.&nbsp;</p>



<p>Opera con un grupo mínimo de 10 personas.</p>



<div class="wp-block-file"><a href="https://osaverdeymar.com/wp-content/uploads/2022/05/Orquideas-aves-islaREV2-1.pdf" class="wp-block-file__button" download aria-describedby="wp-block-file--media-b47cd375-b4c9-4cb6-92c1-0e28826c6b1b">+INFO</a></div>
</div>



<div class="wp-block-column" style="flex-basis:10%"></div>
</div>



<div style="height:100px" aria-hidden="true" class="wp-block-spacer"></div>

<p>Turismo Natural Este paquete consta de diez (10) días y nueve (9) noches.&nbsp; Opera con un grupo mínimo de 10 personas. Este paquete consta de seis (6) días y cinco (5) noches.&nbsp; Opera con un grupo mínimo de 10 personas.</p>
