{"id":97,"date":"2020-09-07T17:05:45","date_gmt":"2020-09-07T17:05:45","guid":{"rendered":"http:\/\/osaverdeymar.com\/?page_id=97"},"modified":"2022-06-03T23:52:38","modified_gmt":"2022-06-03T23:52:38","slug":"turismo-de-aventura-deportivo","status":"publish","type":"page","link":"http:\/\/osaverdeymar.com\/?page_id=97","title":{"rendered":"Turismo de Aventura\/Activo"},"content":{"rendered":"\n<section id=\"section-3efc438a-5c7a-42e8-956d-edafb68e9641\" class=\"wp-block-gutentor-image-slider gutentor-section gutentor-image-slider imageSlider-template1\"><div class=\"gutentor-grid-item-wrap\"><div class=\"gutentor-slider-wrapper\" data-dots=\"true\" data-arrows=\"true\" data-infinite=\"true\" data-nextarrow=\"fas fa-angle-right\" data-prevarrow=\"fas fa-angle-left\" data-autoplay=\"true\" data-autoplayspeed=\"7000\" data-fade=\"false\" data-speed=\"900\"><div class=\"gutentor-slider-item\"><div class=\"gutentor-single-item gutentor-single-item-0\"><div class=\"gutentor-single-item-wrap\"><div class=\"gutentor-single-item-image-box\"><div class=\"gutentor-bg-image\"><div class=\"overlay\"><\/div><\/div><\/div><div class=\"gutentor-single-item-content\"><div class=\"grid-container\"><div class=\"slider-caption text-center\"><h3 class=\"gutentor-single-item-title\">Turismo de Aventura<\/h3><\/div><\/div><\/div><\/div><\/div><\/div><div class=\"gutentor-slider-item\"><div class=\"gutentor-single-item gutentor-single-item-1\"><div class=\"gutentor-single-item-wrap\"><div class=\"gutentor-single-item-image-box\"><div class=\"gutentor-bg-image\"><div class=\"overlay\"><\/div><\/div><\/div><div class=\"gutentor-single-item-content\"><div class=\"grid-container\"><div class=\"slider-caption text-center\"><h3 class=\"gutentor-single-item-title\">Sea Testigo de Bellezas Naturales<\/h3><\/div><\/div><\/div><\/div><\/div><\/div><div class=\"gutentor-slider-item\"><div class=\"gutentor-single-item gutentor-single-item-2\"><div class=\"gutentor-single-item-wrap\"><div class=\"gutentor-single-item-image-box\"><div class=\"gutentor-bg-image\"><div class=\"overlay\"><\/div><\/div><\/div><div class=\"gutentor-single-item-content\"><div class=\"grid-container\"><div class=\"slider-caption text-center\"><h3 class=\"gutentor-single-item-title\">Practique Snorkel<\/h3><\/div><\/div><\/div><\/div><\/div><\/div><div class=\"gutentor-slider-item\"><div class=\"gutentor-single-item gutentor-single-item-3\"><div class=\"gutentor-single-item-wrap\"><div class=\"gutentor-single-item-image-box\"><div class=\"gutentor-bg-image\"><div class=\"overlay\"><\/div><\/div><\/div><div class=\"gutentor-single-item-content\"><div class=\"grid-container\"><div class=\"slider-caption text-center\"><h3 class=\"gutentor-single-item-title\">Mountain Bike<\/h3><\/div><\/div><\/div><\/div><\/div><\/div><\/div><\/div><\/section>\n\n\n\n<div style=\"height:100px\" aria-hidden=\"true\" class=\"wp-block-spacer\"><\/div>\n\n\n\n<div class=\"wp-block-columns\">\n<div class=\"wp-block-column\" style=\"flex-basis:10.4%\"><\/div>\n\n\n\n<div class=\"wp-block-column\" style=\"flex-basis:70%\">\n<div id=\"section-g9fafc0\" class=\"wp-block-gutentor-e0 section-g9fafc0 gutentor-element gutentor-element-advanced-text text-align-center-desktop text-align-center-tablet text-align-center-mobile\"><div class=\"gutentor-text-wrap\"><p class=\"gutentor-text\">Estos programas son perfectos para quienes buscan adrenalina y trabajo f\u00edsico. Una mezcla de aventura y deporte, rodeados del esplendor natural que solo Costa Rica puede ofrecer.<br><br>A continuaci\u00f3n, le ofrecemos tres opciones. Aqu\u00ed obtendr\u00e1 informaci\u00f3n resumida sobre las actividades que se realizar\u00e1n, pero si presiona el bot\u00f3n &#8220;M\u00e1s Informaci\u00f3n&#8221; con gusto le haremos llegar la informaci\u00f3n detallada de lo que se har\u00e1 d\u00eda tras d\u00eda seg\u00fan el programa de su inter\u00e9s.<br><br><strong>*Todos los programas incluyen: transporte privado dentro de Costa Rica, los recorridos y seguro de viajero.<\/strong><br><br>You may find all the information available in English once you download the PDF with the detailed program. You can download it by clicking on the &#8220;+INFO&#8221; button. <\/p><\/div><\/div>\n<\/div>\n\n\n\n<div class=\"wp-block-column\" style=\"flex-basis:10.4%\"><\/div>\n<\/div>\n\n\n\n<div style=\"height:100px\" aria-hidden=\"true\" class=\"wp-block-spacer\"><\/div>\n\n\n\n<div class=\"wp-block-columns\">\n<div class=\"wp-block-column\" style=\"flex-basis:10.4%\"><\/div>\n\n\n\n<div class=\"wp-block-column\" style=\"flex-basis:41.67%\">\n\n<\/div>\n\n\n\n<div class=\"wp-block-column\" style=\"flex-basis:20.5%\">\n<div style=\"height:100px\" aria-hidden=\"true\" class=\"wp-block-spacer\"><\/div>\n\n\n\n<div id=\"section-g403ce3\" class=\"wp-block-gutentor-e0 section-g403ce3 gutentor-element gutentor-element-advanced-text text-align-right-desktop\"><div class=\"gutentor-text-wrap\"><h2 class=\"gutentor-text\">Downhill\/Enduro<\/h2><\/div><\/div>\n\n\n\n<div id=\"section-g9b44b8\" class=\"wp-block-gutentor-e0 section-g9b44b8 gutentor-element gutentor-element-advanced-text text-align-right-desktop\"><div class=\"gutentor-text-wrap\"><p class=\"gutentor-text\">Este viaje es de 6 d\u00edas y 5 noches. Opera con un m\u00ednimo de 10 personas.<br><br><\/p><\/div><\/div>\n\n\n\n<div class=\"wp-block-file\"><a href=\"https:\/\/osaverdeymar.com\/wp-content\/uploads\/2022\/05\/DownhillEnduro6dias.pdf\" class=\"wp-block-file__button\" download aria-describedby=\"wp-block-file--media-c5ec44e6-7701-4bac-8829-5ea0ae0095df\">+INFO <\/a><\/div>\n<\/div>\n\n\n\n<div class=\"wp-block-column\" style=\"flex-basis:10.4%\"><\/div>\n<\/div>\n\n\n\n<div style=\"height:100px\" aria-hidden=\"true\" class=\"wp-block-spacer\"><\/div>\n\n\n\n<div class=\"wp-block-columns\">\n<div class=\"wp-block-column\" style=\"flex-basis:10.4%\"><\/div>\n\n\n\n<div class=\"wp-block-column\" style=\"flex-basis:20.5%\">\n<div style=\"height:100px\" aria-hidden=\"true\" class=\"wp-block-spacer\"><\/div>\n\n\n\n<div id=\"section-gffe3f6\" class=\"wp-block-gutentor-e0 section-gffe3f6 gutentor-element gutentor-element-advanced-text text-align-right-desktop\"><div class=\"gutentor-text-wrap\"><h2 class=\"gutentor-text\">Mountain Bike <br>Puerto Jim\u00e9nez<\/h2><\/div><\/div>\n\n\n\n<div id=\"section-g6065b3\" class=\"wp-block-gutentor-e0 section-g6065b3 gutentor-element gutentor-element-advanced-text text-align-right-desktop\"><div class=\"gutentor-text-wrap\"><p class=\"gutentor-text\"> Este viaje es de 9 d\u00edas y 8 noches. Opera con un m\u00ednimo de 10 personas.<br><br><\/p><\/div><\/div>\n\n\n\n<div class=\"wp-block-file\"><a href=\"https:\/\/osaverdeymar.com\/wp-content\/uploads\/2022\/06\/La-Georgina-P.Jimenez-bus-avion-completo2.pdf\" class=\"wp-block-file__button\" download aria-describedby=\"wp-block-file--media-c1205fd7-8820-4e1c-a52b-1c937c192740\">+INFO <\/a><\/div>\n\n\n\n<div style=\"height:50px\" aria-hidden=\"true\" class=\"wp-block-spacer\"><\/div>\n\n\n\n<div id=\"section-gc46429\" class=\"wp-block-gutentor-e0 section-gc46429 gutentor-element gutentor-element-advanced-text text-align-right-desktop\"><div class=\"gutentor-text-wrap\"><h2 class=\"gutentor-text\">Mountain Bike Ciudad Neily<\/h2><\/div><\/div>\n\n\n\n<div id=\"section-gfde144\" class=\"wp-block-gutentor-e0 section-gfde144 gutentor-element gutentor-element-advanced-text text-align-right-desktop\"><div class=\"gutentor-text-wrap\"><p class=\"gutentor-text\"> Este viaje es de 9 d\u00edas y 8 noches. Opera con un m\u00ednimo de 10 personas.<br><br><\/p><\/div><\/div>\n\n\n\n<div class=\"wp-block-file\"><a href=\"https:\/\/osaverdeymar.com\/wp-content\/uploads\/2022\/06\/La-Georgina-Ml.-Antonio-completo2.pdf\" class=\"wp-block-file__button\" download aria-describedby=\"wp-block-file--media-e62ca4b6-adb9-4e70-b03b-632ec2d0f2a9\">+INFO <\/a><\/div>\n<\/div>\n\n\n\n<div class=\"wp-block-column\" style=\"flex-basis:41.67%\">\n\n<\/div>\n\n\n\n<div class=\"wp-block-column\" style=\"flex-basis:10.4%\"><\/div>\n<\/div>\n\n\n\n<div style=\"height:100px\" aria-hidden=\"true\" class=\"wp-block-spacer\"><\/div>\n\n\n\n<div class=\"wp-block-columns\">\n<div class=\"wp-block-column\" style=\"flex-basis:9.71%\"><\/div>\n\n\n\n<div class=\"wp-block-column\" style=\"flex-basis:40.9%\">\n\n<\/div>\n\n\n\n<div class=\"wp-block-column\" style=\"flex-basis:20%\">\n<div style=\"height:100px\" aria-hidden=\"true\" class=\"wp-block-spacer\"><\/div>\n\n\n\n<div style=\"height:100px\" aria-hidden=\"true\" class=\"wp-block-spacer\"><\/div>\n\n\n\n<div id=\"section-g66edb4\" class=\"wp-block-gutentor-e0 section-g66edb4 gutentor-element gutentor-element-advanced-text text-align-left-desktop\"><div class=\"gutentor-text-wrap\"><h2 class=\"gutentor-text\">Kayak&nbsp;de Mar<\/h2><\/div><\/div>\n\n\n\n<div id=\"section-gb8ea59\" class=\"wp-block-gutentor-e0 section-gb8ea59 gutentor-element gutentor-element-advanced-text text-align-left-desktop\"><div class=\"gutentor-text-wrap\"><p class=\"gutentor-text\">Este programa tiene una duraci\u00f3n de 7 d\u00edas y 6 noches.<br>Opera con un m\u00ednimo de 6 personas.<br><\/p><\/div><\/div>\n\n\n\n<div class=\"wp-block-file\"><a href=\"https:\/\/osaverdeymar.com\/wp-content\/uploads\/2022\/05\/Kayak-de-MarREV.pdf\" class=\"wp-block-file__button\" download aria-describedby=\"wp-block-file--media-2b382c58-cc28-4f62-a8ab-77e7ba2a7925\">+INFO<\/a><\/div>\n<\/div>\n\n\n\n<div class=\"wp-block-column\" style=\"flex-basis:10.4%\"><\/div>\n<\/div>\n\n\n\n<div style=\"height:100px\" aria-hidden=\"true\" class=\"wp-block-spacer\"><\/div>\n\n\n\n<div class=\"wp-block-columns\">\n<div class=\"wp-block-column\" style=\"flex-basis:10.4%\"><\/div>\n\n\n\n<div class=\"wp-block-column\" style=\"flex-basis:20.5%\">\n<div style=\"height:100px\" aria-hidden=\"true\" class=\"wp-block-spacer\"><\/div>\n\n\n\n<div id=\"section-g4f3b12\" class=\"wp-block-gutentor-e0 section-g4f3b12 gutentor-element gutentor-element-advanced-text text-align-right-desktop\"><div class=\"gutentor-text-wrap\"><h2 class=\"gutentor-text\">Recorrido Zona Sur-Sur<br><\/h2><\/div><\/div>\n\n\n\n<div id=\"section-g81c396\" class=\"wp-block-gutentor-e0 section-g81c396 gutentor-element gutentor-element-advanced-text text-align-right-desktop\"><div class=\"gutentor-text-wrap\"><p class=\"gutentor-text\">Este programa consta de nueve d\u00edas y ocho noches.<br>Opera con un m\u00ednimo de 10 personas.<br><\/p><\/div><\/div>\n\n\n\n<div class=\"wp-block-file\"><a href=\"https:\/\/osaverdeymar.com\/wp-content\/uploads\/2022\/05\/Gira-Sur-SurREV.pdf\" class=\"wp-block-file__button\" download aria-describedby=\"wp-block-file--media-76ea99eb-06ae-4cab-8a6e-f0940e539a38\">+INFO<\/a><\/div>\n<\/div>\n\n\n\n<div class=\"wp-block-column\" style=\"flex-basis:41.67%\">\n\n<\/div>\n\n\n\n<div class=\"wp-block-column\" style=\"flex-basis:10.4%\"><\/div>\n<\/div>\n\n\n\n<div style=\"height:100px\" aria-hidden=\"true\" class=\"wp-block-spacer\"><\/div>\n\n\n\n<div class=\"wp-block-columns\">\n<div class=\"wp-block-column\" style=\"flex-basis:9.71%\"><\/div>\n\n\n\n<div class=\"wp-block-column\" style=\"flex-basis:20%\">\n<div style=\"height:100px\" aria-hidden=\"true\" class=\"wp-block-spacer\"><\/div>\n\n\n\n<div id=\"section-g46fc9a\" class=\"wp-block-gutentor-e0 section-g46fc9a gutentor-element gutentor-element-advanced-text text-align-left-desktop\"><div class=\"gutentor-text-wrap\"><h2 class=\"gutentor-text\">Trekking: Valle del Silencio<\/h2><\/div><\/div>\n\n\n\n<div id=\"section-gb416ef\" class=\"wp-block-gutentor-e0 section-gb416ef gutentor-element gutentor-element-advanced-text text-align-left-desktop\"><div class=\"gutentor-text-wrap\"><p class=\"gutentor-text\">Este paquete tiene una duraci\u00f3n de 7 d\u00edas y 6 noches.<br>Opera con un m\u00ednimo de 6 personas.<br><\/p><\/div><\/div>\n\n\n\n<div class=\"wp-block-file\"><a href=\"https:\/\/osaverdeymar.com\/wp-content\/uploads\/2022\/05\/Valle-del-Silencio.pdf\" class=\"wp-block-file__button\" download aria-describedby=\"wp-block-file--media-a5e59d85-049c-4396-b1d2-bbcc0dc6773c\">+INFO<\/a><\/div>\n<\/div>\n\n\n\n<div class=\"wp-block-column\" style=\"flex-basis:40.9%\">\n\n<\/div>\n\n\n\n<div class=\"wp-block-column\" style=\"flex-basis:10.4%\"><\/div>\n<\/div>\n\n\n\n<div style=\"height:100px\" aria-hidden=\"true\" class=\"wp-block-spacer\"><\/div>\n\n\n\n<div class=\"wp-block-columns\">\n<div class=\"wp-block-column\" style=\"flex-basis:9.71%\"><\/div>\n\n\n\n<div class=\"wp-block-column\" style=\"flex-basis:40.9%\">\n\n<\/div>\n\n\n\n<div class=\"wp-block-column\" style=\"flex-basis:20%\">\n<div style=\"height:100px\" aria-hidden=\"true\" class=\"wp-block-spacer\"><\/div>\n\n\n\n<div id=\"section-g32b83f\" class=\"wp-block-gutentor-e0 section-g32b83f gutentor-element gutentor-element-advanced-text text-align-left-desktop\"><div class=\"gutentor-text-wrap\"><h2 class=\"gutentor-text\">Trekking: Cerro Kamuk<\/h2><\/div><\/div>\n\n\n\n<div id=\"section-g600b68\" class=\"wp-block-gutentor-e0 section-g600b68 gutentor-element gutentor-element-advanced-text text-align-left-desktop\"><div class=\"gutentor-text-wrap\"><p class=\"gutentor-text\">Este paquete tiene una duraci\u00f3n de 9 d\u00edas y 8 noches.<br>Opera con un m\u00ednimo de 6 personas.<br><\/p><\/div><\/div>\n\n\n\n<div class=\"wp-block-file\"><a href=\"https:\/\/osaverdeymar.com\/wp-content\/uploads\/2022\/05\/Cerro-Kamuk.pdf\" class=\"wp-block-file__button\" download aria-describedby=\"wp-block-file--media-18eac2ac-0e31-439b-9331-bc6702ade22f\">+INFO<\/a><\/div>\n<\/div>\n\n\n\n<div class=\"wp-block-column\" style=\"flex-basis:10.4%\"><\/div>\n<\/div>\n\n\n\n<div style=\"height:100px\" aria-hidden=\"true\" class=\"wp-block-spacer\"><\/div>\n\n\n\n<p><\/p>\n","protected":false},"excerpt":{"rendered":"","protected":false},"author":1,"featured_media":0,"parent":0,"menu_order":0,"comment_status":"closed","ping_status":"closed","template":"template-gutentor-full-width.php","meta":[],"_links":{"self":[{"href":"http:\/\/osaverdeymar.com\/index.php?rest_route=\/wp\/v2\/pages\/97"}],"collection":[{"href":"http:\/\/osaverdeymar.com\/index.php?rest_route=\/wp\/v2\/pages"}],"about":[{"href":"http:\/\/osaverdeymar.com\/index.php?rest_route=\/wp\/v2\/types\/page"}],"author":[{"embeddable":true,"href":"http:\/\/osaverdeymar.com\/index.php?rest_route=\/wp\/v2\/users\/1"}],"replies":[{"embeddable":true,"href":"http:\/\/osaverdeymar.com\/index.php?rest_route=%2Fwp%2Fv2%2Fcomments&post=97"}],"version-history":[{"count":64,"href":"http:\/\/osaverdeymar.com\/index.php?rest_route=\/wp\/v2\/pages\/97\/revisions"}],"predecessor-version":[{"id":606,"href":"http:\/\/osaverdeymar.com\/index.php?rest_route=\/wp\/v2\/pages\/97\/revisions\/606"}],"wp:attachment":[{"href":"http:\/\/osaverdeymar.com\/index.php?rest_route=%2Fwp%2Fv2%2Fmedia&parent=97"}],"curies":[{"name":"wp","href":"https:\/\/api.w.org\/{rel}","templated":true}]}}